1202011 + 11?
1202022
In base 13, what is -32 - -53?
21
In base 13, what is -1b + 3?
-18
In base 6, what is -334 - 13?
-351
In base 2, what is -10 + -1001001?
-1001011
In base 16, what is b1 - 4?
ad
In base 10, what is 2 + -239?
-237
In base 6, what is 444 - -10?
454
In base 12, what is 4945 - -4?
4949
In base 2, what is -110111 - -100?
-110011
In base 13, what is -2 + -67?
-69
In base 3, what is -1020 - -12?
-1001
In base 11, what is a - 229?
-21a
In base 2, what is -100 - -101100110001?
101100101101
In base 4, what is 11 + 321?
332
In base 12, what is 27 + -145?
-11a
In base 9, what is 13 + 547?
561
In base 12, what is -1 - 21?
-22
In base 12, what is -1 - 19b?
-1a0
In base 7, what is -5 - -13355?
13350
In base 2, what is 100 - 101010?
-100110
In base 7, what is 5 + -132?
-124
In base 10, what is -20 + 28?
8
In base 2, what is -11 - -1000010110111?
1000010110100
In base 2, what is -1111110 + 1011001?
-100101
In base 8, what is 12 + 322?
334
In base 3, what is -100102 + 22?
-100010
In base 4, what is 1 - -13311?
13312
In base 13, what is 52 - 3?
4c
In base 7, what is 144 - 2?
142
In base 4, what is 211301 + 2?
211303
In base 7, what is 403 + -3?
400
In base 4, what is -1 + 300?
233
In base 15, what is 2 + -166?
-164
In base 16, what is 1e6 + 6?
1ec
In base 14, what is 1 + 8b?
8c
In base 16, what is 2df - -3?
2e2
In base 14, what is -5 + -cd4?
-cd9
In base 11, what is 4 - -19?
22
In base 9, what is 17 - 206?
-178
In base 3, what is 2 - 12122?
-12120
In base 8, what is 3 + -4440?
-4435
In base 8, what is 0 - -427?
427
In base 2, what is 1001001000 + -1?
1001000111
In base 10, what is 2 + -901?
-899
In base 11, what is -5 - 906?
-910
In base 15, what is 18e9 - 3?
18e6
In base 14, what is -551d + 2?
-551b
In base 16, what is 2d - -7?
34
In base 7, what is -14 + 10?
-4
In base 14, what is -5 + -82?
-87
In base 10, what is 11680 + -4?
11676
In base 10, what is -3413 - 4?
-3417
In base 13, what is c5a + 3?
c60
In base 4, what is 321 - 0?
321
In base 9, what is 10 + 18?
28
In base 10, what is 547 + 4?
551
In base 15, what is -68e - 2?
-691
In base 15, what is -d - -4?
-9
In base 13, what is -3 + -6?
-9
In base 5, what is -2 - -31443?
31441
In base 11, what is 11a + 6?
125
In base 10, what is -1 - -1183?
1182
In base 13, what is 358b - -5?
3593
In base 5, what is -10 - 111?
-121
In base 10, what is -362 - -1?
-361
In base 5, what is -22311 + -24?
-22340
In base 3, what is -10110 + -1020?
-11200
In base 16, what is 2 - -e4?
e6
In base 8, what is 554 - 44?
510
In base 5, what is -1212 + -2?
-1214
In base 14, what is b - 9?
2
In base 8, what is -3 + 431?
426
In base 10, what is -25214 + -1?
-25215
In base 10, what is 571 + 5?
576
In base 6, what is -4 - -332?
324
In base 13, what is -5a - 3?
-60
In base 16, what is -5 + -1d?
-22
In base 16, what is c6 - -19?
df
In base 12, what is 6 - -77?
81
In base 4, what is -2 + 113331?
113323
In base 8, what is -162 + -13?
-175
In base 9, what is -187 + 136?
-51
In base 12, what is -181 - -1?
-180
In base 5, what is 2332 - 42?
2240
In base 8, what is -26 + 327?
301
In base 10, what is -298 - 25?
-323
In base 15, what is 0 - -1159?
1159
In base 8, what is 0 + -16?
-16
In base 11, what is 13 + 224?
237
In base 7, what is 200 + -16?
151
In base 11, what is 163 + a?
172
In base 7, what is -23523 - 5?
-23531
In base 10, what is 6 + -1149?
-1143
In base 5, what is -23204 - -10?
-23144
In base 13, what is 38 + -95?
-5a
In base 6, what is -42 + 24?
-14
In base 6, what is 1 + -332?
-331
In base 8, what is -146 + 10?
-136
In base 16, what is -4 - 56?
-5a
In base 4, what is -1 - -30?
23
In base 15, what is -213 + 5?
-20d
In base 16, what is -3d - -4c?
f
In base 8, what is -16437 + 4?
-16433
In base 7, what is 1 + -1622?
-1621
In base 9, what is 782 - 3?
778
In base 13, what is b2a + 2?
b2c
In base 14, what is -27 + 1d?
-8
In base 8, what is 130 + 56?
206
In base 11, what is -7 + -1a6?
-202
In base 9, what is -1077 + 4?
-1073
In base 13, what is -b9 + 4?
-b5
In base 13, what is -5 + -17?
-1c
In base 9, what is 4436 + 2?
4438
In base 14, what is -1c3 - -4?
-1bd
In base 7, what is -224 - -4?
-220
In base 5, what is 132 + -13?
114
In base 13, what is 89b + 4?
8a2
In base 6, what is -3 - 15252?
-15255
In base 3, what is -2101 - 11?
-2112
In base 6, what is 50333 + 2?
50335
In base 16, what is 1 + -ccc?
-ccb
In base 5, what is 11303 - -20?
11323
In base 14, what is -3 + -4b?
-50
In base 14, what is -3 - -13?
10
In base 15, what is 1c + 0?
1c
In base 13, what is 1c8 + -2?
1c6
In base 13, what is 5 + 2111?
2116
In base 13, what is -5 + 1c?
17
In base 13, what is -71 + 4?
-6a
In base 2, what is 1011011010101 - 1?
1011011010100
In base 9, what is -83 + 370?
276
In base 11, what is 3 - a79?
-a76
In base 13, what is 31 + 3?
34
In base 13, what is -4 - 40?
-44
In base 12, what is 3 + 7b6?
7b9
In base 2, what is -11000 + 1?
-10111
In base 2, what is 10110110101 + -101?
10110110000
In base 2, what is 1111000101 - 100?
1111000001
In base 2, what is 110 - -100111?
101101
In base 13, what is -15 - 5?
-1a
In base 14, what is d6 + -3?
d3
In base 11, what is 62 - -19?
80
In base 9, what is 3033 + -5?
3027
In base 7, what is -150 - -3?
-144
In base 3, what is 102010202 - 2?
102010200
In base 13, what is -2 - -17?
15
In base 14, what is -4 - 581?
-585
In base 15, what is -7e - 1?
-80
In base 15, what is -19 - -3?
-16
In base 12, what is -327 + 2?
-325
In base 14, what is 1 - -12c?
12d
In base 4, what is -10 - -2220?
2210
In base 9, what is -2 - -2856?
2854
In base 5, what is -203 + 1?
-202
In base 12, what is 26 - 45?
-1b
In base 3, what is 1 - 210200?
-210122
In base 13, what is 6a2 + 1?
6a3
In base 5, what is 2 + -22204?
-22202
In base 7, what is -5 + 1336?
1331
In base 4, what is -21 - 20?
-101
In base 14, what is 2 - -14?
16
In base 13, what is c + 25?
34
In base 13, what is -2 - 14?
-16
In base 11, what is 55 - -5?
5a
In base 11, what is 3 + 254?
257
In base 5, what is -3 - 10211?
-10214
In base 2, what is -10001010 - 110?
-10010000
In base 14, what is dd + 1?
100
In base 6, what is -1155 + -2?
-1201
In base 13, what is -17 - 2?
-19
In base 9, what is 13 - 228?
-215
In base 10, what is -17903 + 4?
-17899
In base 3, what is 10 - -10020?
10100
In base 5, what is 4142 - -33?
4230
In base 4, what is -2 - -103?
101
In base 16, what is b + 55?
60
In base 12, what is 424 + 2?
426
In base 12, what is -5 - -a0?
97
In base 6, what is -11 - 354?
-405
In base 3, what is 20112 + 0?
20112
In base 2, what is 100000 + 11010?
111010
In base 4, what is 3 - 323?
-320
In base 6, what is -3245 + 1?
-3244
In base 6, what is -11012 - 0?
-11012
In base 6, what is 524 - 2?
522
In base 6, what is -1305 - -20?
-1245
In base 7, what is 200 - -10?
210
In base 15, what is 1 + -19?
-18
In base 10, what is -140 - -15?
-125
In base 8, what is -1 - -77?
76
In base 15, what is -4 + 1a1?
19c
In base 4, what is -10 + -23233?
-23303
In base 13, what is 30 + -12?
1b
In base 5, what is -34 + 12323?
12234
In base 13, what is -45 + 6?
-3c
In base 11, what is -3188 + -3?
-3190
In base 6, what is -2543 - 4?
-2551
In base 7, what is 11122 + -2?
11120
In base 15, what is 2b + 4?
30
In base 12, what is -836 + 1?
-835
In base 5, what is -12 + -122?
-134
In base 6, what is 2444 + -5?
2435
In base 16, what is 9 + 93?
9c
In base 8, what is 715 - -17?
734
In base 14, what is 0 + -422?
-422
In base 13, what is -2 - -116a?
1168
In base 10, what is -6345 + 2?
-6343
In base 16, what is -4 + 38?
34
In base 15, what is 41 + -5?
3b
In base 4, what is -2011102 + 2?
-2011100
In base 10, what is 1110 - 2?
1108
In base 12, what is -4590 - -1?
-458b
In base 7, what is -36 + 2366?
2330
In base 15, what is 4c - -18?
65
In base 7, what is -2 - -23?
21
In base 6, what is 4404 + -52?
4312
In base 7, what is 0 + 1342?
1342
In base 15, what is 3 - e?
-b
In base 8, what is 11 - 4?
5
In base 6, what is -1 + 5055?
5054
In base 9, what is -617 - -20?
-587
In base 7, what is -22 - -2?
-20
In base 2, what is -1011001 + 0?
-1011001
In base 8, what is -4063 + -3?
-4066
In base 2, what is -100 + -111010?
-111110
In base 7, what is -1 + -3?
-4
In base 12, what is -3 - 259?
-260
In base 3, what is -10011220 + 11?
-10011202
In base 2, what is 1011000 + 10100101?
11111101
In base 3, what is 10011000 - -10?
10011010
In bas